common factor of 75 and a?
3
Suppose 4*i - 3 = 1. Let z be 69*(76/(-57))/(-4). Calculate the highest common divisor of i and z.
1
Let t be 10/(-35) - (-254)/7. Suppose -3*k = -0*h + 2*h - 57, 5*k = -4*h + 117. Suppose h*j - 162 = 30*j. What is the highest common divisor of j and t?
18
Let k = 740 + -394. Let f = k - -83. Suppose -8*r + f = -5*r. What is the highest common factor of 13 and r?
13
Let r be 2*(4 + 52/(-8)). Let n be (r - -8)*24/9. Let i be n/10*(-1 - -181). Calculate the highest common divisor of i and 16.
16
Let v(p) = -p**2 + 1. Let b be v(-1). Suppose b = 7*m - 2*m - 60. Suppose -5*h + 13 = -77. What is the highest common factor of m and h?
6
Suppose 2*c = -4*s + 80, 3*s = -2*c + 9 + 51. Suppose 0*v = v - s. Calculate the greatest common divisor of 60 and v.
20
Suppose -241 = -12*k + 203. What is the greatest common factor of k and 1369?
37
Let i = 83 - 59. Suppose 4*s - 5 = 139. Calculate the greatest common factor of s and i.
12
Suppose -7 = 5*j + 2*j. Let r be j + 15 + 4*4/(-8). Calculate the greatest common divisor of 4 and r.
4
Let c = 612 - 609. Suppose 2*a = 17 + 1. What is the greatest common divisor of a and c?
3
Suppose 6*i + i - 3430 = 0. Suppose 26*b + i = 33*b. Let g(m) = -12*m - 1. Let k be g(-3). What is the greatest common divisor of b and k?
35
Suppose -22 = k - c - 34, 0 = 5*c + 20. What is the greatest common divisor of 288 and k?
8
Let p be 296/6 - 96/72. Calculate the greatest common divisor of p and 16.
16
Suppose 0 = 30*i - 29*i - 12. What is the greatest common factor of 116 and i?
4
Let b be 23 + (-1808)/80 + 9306/10. What is the greatest common divisor of 19 and b?
19
Let g(b) be the first derivative of 2*b**3/3 + 3*b**2/2 + 16*b + 8. Let m be g(-4). Calculate the greatest common factor of 4 and m.
4
Let f = 16 - 13. Let s be (3 - 6/2)/(-2 - -3). Suppose -2*a + q + 33 = s, 16 - 57 = -4*a - f*q. Calculate the greatest common divisor of a and 70.
14
Let n(v) = -2*v**3 - 9*v**2 - 33*v - 6. Let s be n(-6). What is the highest common divisor of s and 90?
30
Suppose -9 = -3*l + 18. Suppose -29 - 7 = -4*d. Calculate the greatest common divisor of d and l.
9
Let s(t) = 20*t**2 + 4*t. Let k be s(3). Suppose 3*u + 3*d - 69 = 0, -2*u + 47 = 3*d + 2. Calculate the highest common factor of u and k.
24
Let o(t) = -9*t - 11. Let p be o(-5). Let u = -13 + p. Suppose 0 = 4*b - 19 - u. What is the highest common factor of 10 and b?
10
Let h(u) = 34*u**2 + 89*u + 6. Let r be h(-10). Calculate the highest common divisor of r and 68.
68
Let h(o) = 39*o + 80 - 24*o - 14*o. Let l = 0 - 0. Let b be h(l). Calculate the highest common factor of 16 and b.
16
Suppose -61 - 57 = -3*t - k, 4*t - 2*k = 164. What is the highest common factor of t and 320?
40
Let w = -11 + 15. Suppose 6*q + 54 = 5*y + 3*q, -w*q + 20 = y. Calculate the highest common divisor of 60 and y.
12
Suppose 1947 = 3*q - 90. What is the highest common divisor of 7 and q?
7
Let m be (-12)/16*4/(-6)*1696. Calculate the highest common divisor of m and 53.
53
Let w be (-1 + 30/(-4))*-2. Let x be (-1 + 7)/3*67. Suppose -2*p + x = -2. What is the greatest common factor of w and p?
17
Let h be 0/(-2 + (3 - -1)). Suppose h = -6*t + 33 + 15. Calculate the highest common divisor of t and 1.
1
Let x(k) = -20*k - 670. Let t be x(-35). What is the greatest common factor of 14 and t?
2
Let d = -597 - -599. Let u = -36 - -78. Calculate the greatest common divisor of d and u.
2
Let d be (-12)/3 + 1 + 84. Let i = -15 + d. Let y be -14*(-6)/12 + (1 - -3). Calculate the greatest common divisor of i and y.
11
Let y = -6 + 234. Let s be y + (-1 - -4) + -3. Suppose z = -5*o - z + s, -16 = -4*z. What is the greatest common factor of o and 110?
22
Let k(b) be the second derivative of -b**4/12 + 5*b**3/6 + b**2/2 - 4*b. Let r be k(4). Calculate the highest common divisor of r and 15.
5
Suppose -5*k = -2*v + 55, 3*v - 3*k = -34 + 94. Calculate the greatest common factor of 20 and v.
5
Suppose -8*q + 2*p + 288 = -4*q, -p = 5*q - 346. What is the highest common divisor of 28 and q?
14
Let j = -88 + 71. Let b = 46 + j. Calculate the greatest common factor of b and 116.
29
Let g(k) be the second derivative of k**4/12 + 2*k**3/3 + k**2/2 - k. Let b be g(-5). Suppose 2 - b = -2*l. Calculate the highest common factor of l and 4.
2
Let r be -1 - (-13 - (-1)/1). Suppose -19*o + 1596 = -297 - 1451. Calculate the greatest common divisor of r and o.
11
Let y = 582 + -574. Suppose p = -4*w + 12, -7 = -4*p + 4*w + 1. Let a be 426/21 - p/14. Calculate the greatest common divisor of y and a.
4
Let r be (39 - -1)*(-11)/(-4). Let l = r - 94. Calculate the greatest common divisor of l and 4.
4
Let d be (34/(-8))/(1/(-20)). Let m(s) = -s**3 - 7*s**2 - 7*s + 4. Let l be m(-6). Suppose -194 = -6*h + l. What is the highest common divisor of h and d?
17
Suppose -3*c + 3*p + 24 = 0, 5*p - 9 + 25 = c. Let l = -82 - -157. Suppose 6*q = q + l. Calculate the greatest common factor of q and c.
3
Let m(s) = 6 - 16 + 9 + s. Let f = 8 + -5. Let l be m(f). What is the greatest common factor of l and 1?
1
Let p(x) = x**3 + 9*x**2 - 13*x - 12. Let j be p(-10). Let a = -15 + j. Let f(l) = 8*l**2 - 6. Let s be f(a). Calculate the greatest common factor of 22 and s.
22
Let q = -765 - -1575. Calculate the highest common factor of 30 and q.
30
Suppose 4*p - 56 = -4*d - 0*d, -2*p = 0. Suppose -q + g + 9 = 0, 3*q - 4*g = d + 13. Let s be 3/(-15) + 496/5. Calculate the highest common divisor of s and q.
9
Suppose 6*a - 8*a = -830. Let g = a + -142. Calculate the greatest common divisor of g and 39.
39
Let p(h) = 6*h**2 - 36*h - 37. Let s be p(9). Calculate the highest common factor of 25 and s.
25
Suppose 5*v - 79 + 229 = 4*p, -194 = -5*p + 3*v. Calculate the highest common divisor of p and 390.
10
Let m(i) = i**3 + 2*i**2 + 3*i + 2. Let a be m(-4). Let f = 70 + a. Calculate the greatest common divisor of f and 252.
28
Let p be (2/(-4))/((-3)/(-6)). Let u be 106/(-8) - p/4. Let t = u + 43. Calculate the highest common divisor of 12 and t.
6
Let t = 245 + -223. Calculate the greatest common divisor of 121 and t.
11
Suppose 0 = 10088*z - 10077*z - 429. Let k be 0 + 0 + (12 - -1). Calculate the highest common factor of k and z.
13
Let t(j) = 43*j + 1. Let q be t(3). Suppose -2*g - 3*p + 32 = 0, 12*g - p - 6 = 11*g. What is the greatest common factor of g and q?
10
Suppose 11*r + w - 410 = 6*r, -4*r = -3*w - 309. What is the highest common factor of 54 and r?
27
Let j(c) = -c**2 - 16*c + 23. Let o be j(-17). Suppose 7*m + 25 = o*m. Let z = m - -35. What is the greatest common factor of z and 80?
10
Let k = 5 + -1. Suppose 3*t - 25 - 39 = -2*p, -32 = -p - k*t. Let h = 1 + 7. Calculate the greatest common factor of p and h.
8
Let i = -239 + 423. Calculate the highest common factor of i and 69.
23
Suppose 5*q + 6*q + 594 = 0. Let s be -10*(-1)/2*q/(-5). Calculate the greatest common factor of s and 18.
18
Let x(m) = -35*m - 17. Let p be x(-1). What is the greatest common divisor of p and 342?
18
Let x be (-70)/(-2)*(-9 - -10). What is the highest common factor of 245 and x?
35
Let c = 91 + -84. What is the highest common divisor of c and 210?
7
Suppose 4*z - q + 3 = 23, 8 = z - q. Suppose 0 = 3*b + b - z. Calculate the highest common factor of 1 and b.
1
Let r = 25 - 5. Suppose 3*s - 2*s + 4 = 0, 0 = -w - 2*s + 6. Suppose 0 = 4*i - o - 34 + 11, 0 = -i + 3*o + w. Calculate the highest common factor of i and r.
5
Let c(o) = 4*o**2 + 4*o + 4. Let d be 498/(-21) + 2/(-7). Let z = -27 - d. Let q be c(z). Calculate the greatest common factor of q and 28.
28
Let r = 3 + -1. Suppose 3 = -r*j + 3*j. Suppose -j*f - 2*c + 25 = 0, -4*c = 11 - 31. Calculate the greatest common factor of f and 45.
5
Let o = 23 + -17. Suppose -4*a - o = -26. Suppose -a*x = -3*x - 26. What is the highest common factor of 65 and x?
13
Suppose 21*q - 16*q + 2*p - 308 = 0, 244 = 4*q + p. What is the greatest common divisor of q and 156?
12
Suppose 0*u - 3 = -u, 0 = h - 5*u + 9. Let w be -3 + h + (4 - 0). Let g be 374/6 + 6/9. What is the highest common divisor of w and g?
7
Let n(y) = y**2 - 6*y + 5. Let z be n(5). Suppose -2*t + 5 + 1 = z. Let l be (-2)/3 + 9/216*232. Calculate the highest common divisor of l and t.
3
Let s = -23 + 423. What is the greatest common di